- 69*s**2 + 245*s - 1. Calculate w(5).
-1
Let i(g) = -18*g**3 + 106*g**2 + 29*g - 88. What is i(6)?
14
Let b(d) = 3878*d - 170615. What is b(44)?
17
Let v(z) = -3*z**2 - 216*z - 807. Give v(-68).
9
Let a(d) = 11186*d + 45. Calculate a(0).
45
Let t(l) = -3*l**2 + 474*l + 31978. Calculate t(-51).
1
Let p(a) = -1826*a + 32851. Calculate p(18).
-17
Let c(w) = -9051*w + 99558. What is c(11)?
-3
Let o(v) = 743233*v + 8175558. Calculate o(-11).
-5
Let q(i) = 23411*i - 26899243. Give q(1149).
-4
Let b(q) = 28*q**2 - 181*q + 541. Calculate b(3).
250
Let y(n) = 150*n**2 + 3162*n + 14793. Calculate y(-7).
9
Let h(m) = 224834*m + 449655. What is h(-2)?
-13
Let w(r) = -11693*r + 210284. Calculate w(18).
-190
Let p(k) = -2937*k - 67525. What is p(-23)?
26
Let c(d) = -d**3 - 55*d**2 - 1093*d - 8369. What is c(-24)?
7
Let u(d) = -1765*d**3 - 34*d**2 - 42*d - 5. Give u(-1).
1768
Let z(m) = m**3 - 158*m**2 + 1277*m + 69286. What is z(146)?
-64
Let s(b) = 4107*b - 26775. Determine s(8).
6081
Let n(p) = 10*p**2 + 3804*p - 15371. Give n(4).
5
Let z(d) = 5*d**2 + 285*d + 3325. Calculate z(-47).
975
Let j(w) = -446*w - 407. Calculate j(-1).
39
Let n(o) = o**2 - 702*o + 113596. Calculate n(448).
-196
Let t(s) = -2*s**3 - 307*s**2 + 1262*s - 3. What is t(4)?
5
Let f(a) = 376*a - 58655. Determine f(156).
1
Let r(q) = 305*q + 8923. What is r(-25)?
1298
Let d(u) = 80*u + 7107. Give d(-87).
147
Let g(t) = 144*t**2 + 3951*t + 69. Determine g(-27).
-1632
Let t(p) = 404*p + 12383. Determine t(-30).
263
Let c(w) = -w + 650. Determine c(-11).
661
Let t(m) = -m**3 + 26*m**2 + 36*m + 1030. Calculate t(29).
-449
Let n(i) = -150*i + 5308. Determine n(34).
208
Let w(x) = -9196*x - 26696. Calculate w(-3).
892
Let n(o) = -o**3 - 269*o**2 - 8760*o + 4137. Calculate n(-231).
-21
Let d(q) = 7*q**3 + 11*q**2 + 4*q + 4. Determine d(-1).
4
Let b(s) = s**2 - 45*s + 561. Give b(31).
127
Let i(h) = 186*h + 5808. Give i(-31).
42
Let w(f) = -f**2 - 5465*f - 334989. Determine w(-62).
-3
Let c(d) = 86*d**2 - 2337*d + 14045. Calculate c(6).
3119
Let g(c) = -650*c - 289252. Determine g(-445).
-2
Let b(s) = -5*s**3 - 410*s**2 - 862*s - 4964. Determine b(-80).
-4
Let g(o) = 3*o**3 - 41*o**2 - 222*o + 2132. Give g(6).
-28
Let a(h) = 2*h**3 - 7*h**2 + 9960*h - 39858. Determine a(4).
-2
Let z(y) = -5*y**3 - 84*y**2 - 190*y - 5370. What is z(-18)?
-6
Let z(y) = 509*y + 9574. What is z(-19)?
-97
Let t(r) = -r**3 - 99*r**2 - 181*r + 1003. Determine t(-97).
-258
Let t(u) = -u**3 - 557*u**2 - 42761*u + 1753. Give t(-92).
5
Let n(b) = -1311*b + 386752. Give n(295).
7
Let s(z) = -2922*z + 61505. What is s(21)?
143
Let b(q) = -70654*q + 565125. What is b(8)?
-107
Let h(n) = 4509*n - 3646. Determine h(1).
863
Let n(r) = -157*r + 5781. Determine n(36).
129
Let z(b) = 368*b - 46503. What is z(112)?
-5287
Let s(t) = -503*t + 7168. Calculate s(14).
126
Let v(u) = -57*u**2 - 1216*u + 9588. Calculate v(8).
-3788
Let g(x) = -8*x**2 + 99*x + 924. Determine g(20).
-296
Let h(v) = 4*v**3 - 34*v**2 - 1210*v - 1185. What is h(-13)?
11
Let r(k) = -54*k**2 - 1847*k + 91. What is r(-34)?
465
Let j(g) = 19*g**2 + 2409*g - 23977. What is j(10)?
2013
Let d(l) = -23891*l - 215085. Determine d(-9).
-66
Let s(l) = 3579*l + 1603328. Calculate s(-448).
-64
Let s(c) = 2*c**3 - 33*c**2 - 61*c + 51. Determine s(-7).
-1825
Let z(n) = 3409*n + 20391. Determine z(-6).
-63
Let z(l) = -5515*l - 16537. Calculate z(-3).
8
Let p(w) = 2*w**2 - 338*w + 2290. Determine p(162).
22
Let y(z) = 8*z**2 - 76*z + 1159. Calculate y(13).
1523
Let z(y) = 104*y**2 + 355*y + 120. Give z(-3).
-9
Let z(r) = r**3 - 111*r**2 + 628*r - 350. Determine z(5).
140
Let q(c) = -4*c**2 - 252*c - 1359. Calculate q(-57).
9
Let g(k) = -4*k**3 - 13*k**2 - 461*k - 1376. Give g(-3).
-2
Let m(h) = h**2 - 2680*h - 161583. Give m(-59).
18
Let g(y) = -y**3 - 11*y**2 + 45*y + 168. Calculate g(-11).
-327
Let i(k) = -4561*k + 114614. Determine i(26).
-3972
Let p(t) = -3*t**2 + 1073*t - 70649. Calculate p(87).
-5
Let o(f) = -2*f**3 - 45*f**2 - 109*f - 493. Determine o(-21).
473
Let y(l) = -1257*l + 178. Calculate y(1).
-1079
Let f(t) = -18*t**3 - 66*t**2 + 197*t + 5. What is f(3)?
-484
Let b(g) = g**3 - 2878*g**2 - 17262*g - 12. Calculate b(-6).
-264
Let f(p) = -507*p - 86186. Calculate f(-170).
4
Let j(l) = -281*l - 9239. Give j(-28).
-1371
Let t(n) = n**2 - 653*n - 27194. Determine t(-39).
-206
Let r(a) = -45164*a + 90348. Calculate r(2).
20
Let n(k) = k**3 + 79*k**2 - 166*k - 435. What is n(-81)?
-111
Let c(x) = 15538*x + 4739052. What is c(-305)?
-38
Let f(b) = -2*b**2 + 669*b + 7667. Determine f(-11).
66
Let u(p) = 252*p**3 - 4*p**2 + 80*p - 185. Calculate u(3).
6823
Let s(k) = k**2 + 3105*k + 138998. What is s(-45)?
1298
Let g(k) = k**2 - 84*k + 1710. What is g(33)?
27
Let y(b) = -731*b**2 - 41689*b - 1269. Calculate y(-57).
-15
Let n(k) = -5*k**2 + 151*k - 64. Calculate n(28).
244
Let x(a) = -a**2 - 7707*a - 130762. What is x(-17)?
-32
Let x(p) = -544*p**2 - 16322*p - 62. What is x(-30)?
-2
Let v(l) = -493*l**2 + 8347*l + 607. What is v(17)?
29
Let x(b) = 3091*b - 22. Calculate x(0).
-22
Let d(b) = -5*b**3 - 291*b**2 + 249*b - 145. Determine d(-59).
-912
Let y(s) = -2*s**3 + 1990*s**2 - 61642*s + 9606. Calculate y(963).
-24
Let v(q) = 5454*q + 16376. What is v(-3)?
14
Let g(q) = -34*q**2 - 204*q + 629. Calculate g(6).
-1819
Let b(j) = -134*j**2 - 4568*j - 352. Determine b(-34).
56
Let u(a) = -a**3 + 8*a**2 + 33*a + 16. Determine u(11).
16
Let g(m) = -2*m**3 + 5*m**2 + 276*m + 50. What is g(13)?
89
Let c(f) = f**3 + 90*f**2 - 406*f - 2193. Determine c(-94).
627
Let x(y) = -2389*y - 97940. Give x(-41).
9
Let d(n) = -7479*n + 613273. Calculate d(82).
-5
Let k(c) = -c**3 + 18*c**2 + 1093*c - 18869. Calculate k(17).
1
Let w(i) = 12*i**3 + 5031*i**2 + 1264*i + 3055. Determine w(-419).
122
Let s(y) = y**2 + 218822*y - 8535579. Determine s(39).
0
Let i(r) = -r**3 + 5*r**2 + 15*r - 22. What is i(4)?
54
Let l(c) = -3*c**3 - 246*c**2 + 898*c - 11527. Calculate l(-86).
-3
Let z(g) = -10*g**3 + 26*g**2 - 179*g + 415. Give z(4).
-525
Let k(y) = -9*y**2 + 209*y - 364. Calculate k(23).
-318
Let z(s) = 2822*s - 78. What is z(-2)?
-5722
Let g(v) = -v**2 + 327*v + 26418. What is g(-67)?
20
Let d(f) = f**2 + 160*f - 828. Give d(-158).
-1144
Let x(h) = 22737*h - 363899. Calculate x(16).
-107
Let w(j) = -835*j**3 + 2387*j**2 - 2383*j - 2. Determine w(1).
-833
Let h(x) = 109*x**2 + 627*x - 199. Give h(-6).
-37
Let x(i) = -2*i - 383. Give x(66).
-515
Let l(f) = 9*f**3 - f**2 - 11990*f - 11990. Calculate l(-1).
-10
Let h(a) = -14803*a - 251653. Calculate h(-17).
-2
Let g(j) = -1975*j + 527259. Determine g(267).
-66
Let l(z) = z**2 - 29*z - 305101. What is l(-538)?
-55
Let t(x) = -11*x**3 - 6*x**2 + 109*x + 458. Give t(-4).
630
Let a(f) = -f**3 + 184*f**2 - 6345*f - 853. Calculate a(138).
-439
Let t(p) = p**2 + 600*p + 24461. Calculate t(-44).
-3
Let u(d) = 1490*d - 84854. Determine u(57).
76
Let v(a) = 4*a**3 - 128*a**2 + 8*a + 232. Give v(32).
488
Let l(c) = 20159*c - 26912263. Determine l(1335).
2
Let j(n) = n**3 - 9*n**2 - 110*n + 14. Determine j(16).
46
Let x(b) = 9*b**2 - 30. Determine x(-2).
6
Let u(z) = 7049*z - 28047. Give u(4).
149
Let j(n) = 2*n**3 + 298*n**2 - 105*n - 15975. Give j(-149).
-330
Let s(m) = -1922*m - 7833. Give s(-4).
-145
Let i(f) = -125*f**3 - 4*f**2 - 6616*f + 6616. Calculate i(1).
-129
Let v(g) = -7*g**2 + 1197*g + 257. Give v(171).
257
Let z(v) = -4*v**2 - 5850*v + 23424. What is z(4)?
-40
Let x(s) = -91*s + 1101. Calculate x(13).
-82
Let i(w) = 14395*w + 100790. What is i(-7)?
25
Let p(c) = 88*c - 5335. Give p(60).
-55
Let t(d) = 4*d**2 + 690*d - 3212. Calculate t(-177).
-26
Let v(s) = -7345*s - 30822. Give v(-4).
-1442
Let r(u) = -2*u**3 + 956*u**2 - 102391*u + 1128. Give r(162).
-6
Let q(u) = 73*u**2 + 4457*u - 14035. What is q(3)?
-7
Let c(y) = 540*y**3 - 24*y**2 - 52*y - 13. Determine c(-2).
-4325
Let h(x) = -x**2 - 414*x + 3812. Determine h(9).
5
Let u(j) = 1649*j - 529267. Give u(321).
62
Let h(p) = -129*p + 41804. Calculate h(324).
8
Let k(h) = 2*h**3 + 90*h**2 - 259*h - 412. What is k(4)?
120
Let h(z) = z**2 - 586*z + 1729. Calculate h(3).
-20
Let r(z) = 63*z**2 - z - 75. Calculate r(6).
2187
Let i(g) = 2*g**3 - 107*g**2 - 179*g - 997. What is i(55)?
-1767
Let